{"id":309,"date":"2023-09-13T16:32:16","date_gmt":"2023-09-13T15:32:16","guid":{"rendered":"https:\/\/iicrabat.esteri.it\/?page_id=309"},"modified":"2024-12-27T12:26:41","modified_gmt":"2024-12-27T11:26:41","slug":"festivita","status":"publish","type":"page","link":"https:\/\/iicrabat.esteri.it\/it\/chi-siamo\/la-sede\/festivita\/","title":{"rendered":"Festivit\u00e0"},"content":{"rendered":"<p><a href=\"https:\/\/iicrabat.esteri.it\/wp-content\/uploads\/2023\/09\/Calendario-Festivita-2023.pdf\">Calendario festivit\u00e0 anno 2023<\/a><\/p>\n<p><a href=\"https:\/\/iicrabat.esteri.it\/wp-content\/uploads\/2023\/12\/Calendario-festivita-2024.pdf\">Calendario festivit\u00e0 anno 2024<\/a><\/p>\n<p><a href=\"https:\/\/iicrabat.esteri.it\/wp-content\/uploads\/2024\/12\/ods-n.-18.pdf\">Calendario festivit\u00e0 anno 2025<\/a><\/p>\n<p>&nbsp;<\/p>\n","protected":false},"excerpt":{"rendered":"Calendario festivit\u00e0 anno 2023 Calendario festivit\u00e0 anno 2024 Calendario festivit\u00e0 anno 2025 &nbsp;","protected":false},"author":5,"featured_media":0,"parent":40,"menu_order":7,"comment_status":"closed","ping_status":"closed","template":"","meta":{"footnotes":""},"class_list":["post-309","page","type-page","status-publish","hentry"],"_links":{"self":[{"href":"https:\/\/iicrabat.esteri.it\/it\/wp-json\/wp\/v2\/pages\/309","targetHints":{"allow":["GET"]}}],"collection":[{"href":"https:\/\/iicrabat.esteri.it\/it\/wp-json\/wp\/v2\/pages"}],"about":[{"href":"https:\/\/iicrabat.esteri.it\/it\/wp-json\/wp\/v2\/types\/page"}],"author":[{"embeddable":true,"href":"https:\/\/iicrabat.esteri.it\/it\/wp-json\/wp\/v2\/users\/5"}],"replies":[{"embeddable":true,"href":"https:\/\/iicrabat.esteri.it\/it\/wp-json\/wp\/v2\/comments?post=309"}],"version-history":[{"count":6,"href":"https:\/\/iicrabat.esteri.it\/it\/wp-json\/wp\/v2\/pages\/309\/revisions"}],"predecessor-version":[{"id":4330,"href":"https:\/\/iicrabat.esteri.it\/it\/wp-json\/wp\/v2\/pages\/309\/revisions\/4330"}],"up":[{"embeddable":true,"href":"https:\/\/iicrabat.esteri.it\/it\/wp-json\/wp\/v2\/pages\/40"}],"wp:attachment":[{"href":"https:\/\/iicrabat.esteri.it\/it\/wp-json\/wp\/v2\/media?parent=309"}],"curies":[{"name":"wp","href":"https:\/\/api.w.org\/{rel}","templated":true}]}}

Festività

<p><a href="https://iicrabat.esteri.it/wp-content/uploads/2023/09/Calendario-Festivita-2023.pdf">Calendario festività anno 2023</a></p>
<p><a href="https://iicrabat.esteri.it/wp-content/uploads/2023/12/Calendario-festivita-2024.pdf">Calendario festività anno 2024</a></p>
<p><a href="https://iicrabat.esteri.it/wp-content/uploads/2024/12/ods-n.-18.pdf">Calendario festività anno 2025</a></p>
<p>&nbsp;</p>

Calendario festività anno 2023 Calendario festività anno 2024 Calendario festività anno 2025 &nbsp;
