{"id":386,"date":"2023-09-13T16:32:16","date_gmt":"2023-09-13T15:32:16","guid":{"rendered":"https:\/\/iicrabat.esteri.it\/?page_id=386"},"modified":"2024-12-27T12:27:45","modified_gmt":"2024-12-27T11:27:45","slug":"festivite","status":"publish","type":"page","link":"https:\/\/iicrabat.esteri.it\/fr\/chi-siamo\/la-sede\/festivite\/","title":{"rendered":"Festivit\u00e9"},"content":{"rendered":"<p><a href=\"https:\/\/iicrabat.esteri.it\/wp-content\/uploads\/2023\/09\/Calendario-Festivita-2023.pdf\">Calendrier des jours f\u00e9ri\u00e9s 2023<\/a><\/p>\n<p><a href=\"https:\/\/iicrabat.esteri.it\/wp-content\/uploads\/2023\/12\/Calendario-festivita-2024.pdf\">Calendrier des jours f\u00e9ri\u00e9s 2024<\/a><\/p>\n<p><a href=\"https:\/\/iicrabat.esteri.it\/wp-content\/uploads\/2024\/12\/ods-n.-18.pdf\">Calendrier des jours f\u00e9ri\u00e9s 2025<\/a><\/p>\n<p>&nbsp;<\/p>\n","protected":false},"excerpt":{"rendered":"Calendrier des jours f\u00e9ri\u00e9s 2023 Calendrier des jours f\u00e9ri\u00e9s 2024 Calendrier des jours f\u00e9ri\u00e9s 2025 &nbsp;","protected":false},"author":5,"featured_media":0,"parent":102,"menu_order":7,"comment_status":"closed","ping_status":"closed","template":"","meta":{"footnotes":""},"class_list":["post-386","page","type-page","status-publish","hentry"],"_links":{"self":[{"href":"https:\/\/iicrabat.esteri.it\/fr\/wp-json\/wp\/v2\/pages\/386","targetHints":{"allow":["GET"]}}],"collection":[{"href":"https:\/\/iicrabat.esteri.it\/fr\/wp-json\/wp\/v2\/pages"}],"about":[{"href":"https:\/\/iicrabat.esteri.it\/fr\/wp-json\/wp\/v2\/types\/page"}],"author":[{"embeddable":true,"href":"https:\/\/iicrabat.esteri.it\/fr\/wp-json\/wp\/v2\/users\/5"}],"replies":[{"embeddable":true,"href":"https:\/\/iicrabat.esteri.it\/fr\/wp-json\/wp\/v2\/comments?post=386"}],"version-history":[{"count":5,"href":"https:\/\/iicrabat.esteri.it\/fr\/wp-json\/wp\/v2\/pages\/386\/revisions"}],"predecessor-version":[{"id":4333,"href":"https:\/\/iicrabat.esteri.it\/fr\/wp-json\/wp\/v2\/pages\/386\/revisions\/4333"}],"up":[{"embeddable":true,"href":"https:\/\/iicrabat.esteri.it\/fr\/wp-json\/wp\/v2\/pages\/102"}],"wp:attachment":[{"href":"https:\/\/iicrabat.esteri.it\/fr\/wp-json\/wp\/v2\/media?parent=386"}],"curies":[{"name":"wp","href":"https:\/\/api.w.org\/{rel}","templated":true}]}}

Festivité

<p><a href="https://iicrabat.esteri.it/wp-content/uploads/2023/09/Calendario-Festivita-2023.pdf">Calendrier des jours fériés 2023</a></p>
<p><a href="https://iicrabat.esteri.it/wp-content/uploads/2023/12/Calendario-festivita-2024.pdf">Calendrier des jours fériés 2024</a></p>
<p><a href="https://iicrabat.esteri.it/wp-content/uploads/2024/12/ods-n.-18.pdf">Calendrier des jours fériés 2025</a></p>
<p>&nbsp;</p>

Calendrier des jours fériés 2023 Calendrier des jours fériés 2024 Calendrier des jours fériés 2025 &nbsp;
