{"id":374,"date":"2023-09-13T13:16:15","date_gmt":"2023-09-13T12:16:15","guid":{"rendered":"https:\/\/iicrabat.esteri.it\/?page_id=374"},"modified":"2023-09-14T12:24:53","modified_gmt":"2023-09-14T11:24:53","slug":"cooperation-culturelle-et-scientifique","status":"publish","type":"page","link":"https:\/\/iicrabat.esteri.it\/fr\/news\/dall_istituto\/opportunites\/cooperation-culturelle-et-scientifique\/","title":{"rendered":"Coop\u00e9ration culturelle et scientifique"},"content":{"rendered":"<p>Le Minist\u00e8re Italien des Affaires Etrang\u00e8res \u00e0 travers la Direction G\u00e9n\u00e9rale pour la Promotion et la Coop\u00e9ration Culturelle promeut le d\u00e9veloppement de la Collaboration Culturelle et Scientifique en favorisant d&rsquo;une part l&rsquo;ex\u00e9cution de programmes bilat\u00e9raux de collaboration culturelle et d&rsquo;autre part la recherche scientifique et technologique \u00e0 travers la r\u00e9alisation et la coordination de programmes scientifiques et technologiques, des voyages et des s\u00e9jours en Italie et \u00e0 l&rsquo;\u00e9tranger d&rsquo;\u00e9tudiants et de chercheurs.<\/p>\n<p>Programmes Bilat\u00e9raux de Collaboration Culturelle<\/p>\n<p>Les programmes culturels proviennent de la mise en oeuvre des accords culturels et d\u00e9finissent la programmation de l&rsquo;activit\u00e9 pr\u00e9vue par chaque article de l&rsquo;accord.<\/p>\n<p>Parmi ceux ci nous rappelons :<\/p>\n<p>&#8211; La diffusion de la langue et de la culture \u00e0 travers l&rsquo;institution de la chaire professorale et du lectorat ;<br \/>\n&#8211; Echange de mat\u00e9riels et d&rsquo;experts dans les secteurs de l&rsquo;\u00e9dition, de l&rsquo;\u00e9ducation et du patrimoine culturel ;<br \/>\n&#8211; Echange de professeurs et de chercheurs universitaires ;<br \/>\n&#8211; Echange d&rsquo;archivistes et de bibliot\u00e9caires ;<br \/>\n&#8211; Echange d&rsquo;expositions ;<br \/>\n&#8211; Echange entre mus\u00e9es, activit\u00e9s de restauration, missions arch\u00e9ologiques ;<br \/>\n&#8211; Echange de bourses d&rsquo;\u00e9tudes ; collaboration des radios et t\u00e9l\u00e9visions ;<br \/>\n&#8211; Coop\u00e9ration dans le secteur des \u00e9changes scolaires et du sport ;<\/p>\n<p>L&rsquo;accord pr\u00e9vo\u00eet en g\u00e9n\u00e9ral l&rsquo;institution d&rsquo;une commission mixte, compos\u00e9e de repr\u00e9sentants des deux pays signataires, qui se r\u00e9unissent p\u00e9riodiquement pour r\u00e9diger les programmes pluri- annuels et examiner l&rsquo;\u00e9tat de la coop\u00e9ration culturelle entre les deux pays.<\/p>\n<p>Le programme a une dur\u00e9e variable, en g\u00e9n\u00e9ral entre deux et quatre ans, r\u00e9sultat d&rsquo;un accord entre les parties.<\/p>\n<p>Pour plus d&rsquo;informations consulter le site du Minist\u00e8re Italien des Affaires Etrang\u00e8res (ww.esteri.it) et en particulier la rubrique d\u00e9di\u00e9de \u00e0 la Direction G\u00e9n\u00e9rale pour la Promotion et la Coop\u00e9ration Culturelle.<\/p>\n","protected":false},"excerpt":{"rendered":"Le Minist\u00e8re Italien des Affaires Etrang\u00e8res \u00e0 travers la Direction G\u00e9n\u00e9rale pour la Promotion et la Coop\u00e9ration Culturelle promeut le d\u00e9veloppement de la Collaboration Culturelle et Scientifique en favorisant d&rsquo;une part l&rsquo;ex\u00e9cution de programmes bilat\u00e9raux de collaboration culturelle et d&rsquo;autre part la recherche scientifique et technologique \u00e0 travers la r\u00e9alisation et la coordination de programmes [&hellip;]","protected":false},"author":5,"featured_media":0,"parent":370,"menu_order":2,"comment_status":"closed","ping_status":"closed","template":"","meta":{"footnotes":""},"class_list":["post-374","page","type-page","status-publish","hentry"],"_links":{"self":[{"href":"https:\/\/iicrabat.esteri.it\/fr\/wp-json\/wp\/v2\/pages\/374","targetHints":{"allow":["GET"]}}],"collection":[{"href":"https:\/\/iicrabat.esteri.it\/fr\/wp-json\/wp\/v2\/pages"}],"about":[{"href":"https:\/\/iicrabat.esteri.it\/fr\/wp-json\/wp\/v2\/types\/page"}],"author":[{"embeddable":true,"href":"https:\/\/iicrabat.esteri.it\/fr\/wp-json\/wp\/v2\/users\/5"}],"replies":[{"embeddable":true,"href":"https:\/\/iicrabat.esteri.it\/fr\/wp-json\/wp\/v2\/comments?post=374"}],"version-history":[{"count":1,"href":"https:\/\/iicrabat.esteri.it\/fr\/wp-json\/wp\/v2\/pages\/374\/revisions"}],"predecessor-version":[{"id":375,"href":"https:\/\/iicrabat.esteri.it\/fr\/wp-json\/wp\/v2\/pages\/374\/revisions\/375"}],"up":[{"embeddable":true,"href":"https:\/\/iicrabat.esteri.it\/fr\/wp-json\/wp\/v2\/pages\/370"}],"wp:attachment":[{"href":"https:\/\/iicrabat.esteri.it\/fr\/wp-json\/wp\/v2\/media?parent=374"}],"curies":[{"name":"wp","href":"https:\/\/api.w.org\/{rel}","templated":true}]}}

Coopération culturelle et scientifique

<p>Le Ministère Italien des Affaires Etrangères à travers la Direction Générale pour la Promotion et la Coopération Culturelle promeut le développement de la Collaboration Culturelle et Scientifique en favorisant d&rsquo;une part l&rsquo;exécution de programmes bilatéraux de collaboration culturelle et d&rsquo;autre part la recherche scientifique et technologique à travers la réalisation et la coordination de programmes scientifiques et technologiques, des voyages et des séjours en Italie et à l&rsquo;étranger d&rsquo;étudiants et de chercheurs.</p>
<p>Programmes Bilatéraux de Collaboration Culturelle</p>
<p>Les programmes culturels proviennent de la mise en oeuvre des accords culturels et définissent la programmation de l&rsquo;activité prévue par chaque article de l&rsquo;accord.</p>
<p>Parmi ceux ci nous rappelons :</p>
<p>&#8211; La diffusion de la langue et de la culture à travers l&rsquo;institution de la chaire professorale et du lectorat ;<br />
&#8211; Echange de matériels et d&rsquo;experts dans les secteurs de l&rsquo;édition, de l&rsquo;éducation et du patrimoine culturel ;<br />
&#8211; Echange de professeurs et de chercheurs universitaires ;<br />
&#8211; Echange d&rsquo;archivistes et de bibliotécaires ;<br />
&#8211; Echange d&rsquo;expositions ;<br />
&#8211; Echange entre musées, activités de restauration, missions archéologiques ;<br />
&#8211; Echange de bourses d&rsquo;études ; collaboration des radios et télévisions ;<br />
&#8211; Coopération dans le secteur des échanges scolaires et du sport ;</p>
<p>L&rsquo;accord prévoît en général l&rsquo;institution d&rsquo;une commission mixte, composée de représentants des deux pays signataires, qui se réunissent périodiquement pour rédiger les programmes pluri- annuels et examiner l&rsquo;état de la coopération culturelle entre les deux pays.</p>
<p>Le programme a une durée variable, en général entre deux et quatre ans, résultat d&rsquo;un accord entre les parties.</p>
<p>Pour plus d&rsquo;informations consulter le site du Ministère Italien des Affaires Etrangères (ww.esteri.it) et en particulier la rubrique dédiéde à la Direction Générale pour la Promotion et la Coopération Culturelle.</p>

Le Ministère Italien des Affaires Etrangères à travers la Direction Générale pour la Promotion et la Coopération Culturelle promeut le développement de la Collaboration Culturelle et Scientifique en favorisant d&rsquo;une part l&rsquo;exécution de programmes bilatéraux de collaboration culturelle et d&rsquo;autre part la recherche scientifique et technologique à travers la réalisation et la coordination de programmes [&hellip;]
