{"id":111,"date":"2023-04-03T20:31:30","date_gmt":"2023-04-03T19:31:30","guid":{"rendered":"https:\/\/iicrabat.esteri.it\/gli_eventi\/"},"modified":"2023-10-12T11:46:13","modified_gmt":"2023-10-12T10:46:13","slug":"gli_eventi","status":"publish","type":"page","link":"https:\/\/iicrabat.esteri.it\/fr\/gli_eventi\/","title":{"rendered":"\u00c9v\u00e9nements"},"content":{"rendered":"        <div class=\"row\">\n\t\t\t<!-- Ricerca sedi post -->\n\t\t\t<div class=\"col-12 mt-4\">\n\t\t\t  <div class=\"callout callout-highlight note ricerca-esteri p-4\">\n                    <div class=\"callout-title\">\n                        <svg class=\"icon\">\n                            <use xlink:href=\"https:\/\/iicrabat.esteri.it\/wp-content\/themes\/sedi-tema\/assets\/svg\/sprites.svg#it-search\"><\/use>\n                        <\/svg>Entrez vos param\u00e8tres de recherche                    <\/div>\n                    <form id=\"searchFormPost\" name=\"form-search-post\" class=\"form-row align-items-center\" action=\"https:\/\/iicrabat.esteri.it\/fr\/wp-json\/wp\/v2\/pages\/111\/\" method=\"GET\"> \n                        <!-- <div class=\"form-group pt-5\"> -->\n                            <!-- <input type=\"hidden\" id=\"lang\" name=\"lang\" value=\"\"> --> <!-- <\/div> -->\n\n                        <div class=\"it-datepicker-wrapper\">\n                            <div class=\"row\">\n                                <div class=\"form-group col-md-6\">\n                                    <label class=\"active\" for=\"date-init\">Du<\/label>\n                                    <input class=\"form-control\" name=\"date-init\" id=\"date-init\" type=\"date\" placeholder=\"gg\/mm\/aaaa\" value=\"\"lang=\"en-EN\">  \n                                <\/div>\n                                <div class=\"form-group col-md-6\">\n                                    <label class=\"active\" for=\"date-end\">Au<\/label>\n                                    <input class=\"form-control\" name=\"date-end\" id=\"date-end\" type=\"date\" placeholder=\"gg\/mm\/aaaa\" value=\"\">\n                                <\/div>\n                            <\/div>\n                        <\/div>\n                        <div class=\"form-group col-md-12 mt-3\">\n                            <label for=\"searchText\">Champ de recherche gratuit<\/label>\n                            <input type=\"text\" name=\"searchText\" class=\"form-control\" id=\"searchText\" value=\"\">\n                        <\/div>\n                        <div class=\"form-group col-md-4 offset-md-8 text-end\">\n                            <a href=\"https:\/\/iicrabat.esteri.it\/fr\/gli_eventi\/\" title=\"Form reset\" id=\"resetImput\" class=\"btn btn-outline-primary btn-xs\">Reset<\/a>\n                            <button type=\"submit\" class=\"btn btn-primary btn-xs\">Montrer les r\u00e9sultats<\/button>\n                        <\/div>\n                    <\/form>\n\t\t\t\t<\/div>\n\t\t\t<\/div>\n\t\t<\/div>\n                    \n            <div class=\"row\">\n                            <div class=\"col-12 mt-3\">\n                <!--start card-->\n                <div class=\"card-wrapper card-space\">\n                    <div class=\"card card-bg card-big border-bottom-card\">\n                        <div class=\"card-body row\">\n                                                    <div class=\"col-sm-3\">\n                                <div class=\"img-responsive\">\n                                    <figure class=\"img-wrapper\">\n                                        <a href=\"https:\/\/iicrabat.esteri.it\/fr\/gli_eventi\/calendario\/salon-international-de-ledition-et-du-livre-siel-1-9-mai-2026\/\" title=\"Lire l'article: Salon International de l\u2019\u00c9dition et du Livre (SIEL) 2026\">\n                                                                                            <img loading=\"lazy\" decoding=\"async\" width=\"183\" height=\"300\" src=\"https:\/\/iicrabat.esteri.it\/wp-content\/uploads\/2026\/04\/AFFICHE-PRINC-230X140-2-183x300.jpg\" srcset=\"https:\/\/iicrabat.esteri.it\/wp-content\/uploads\/2026\/04\/AFFICHE-PRINC-230X140-2-scaled.jpg 1558w, https:\/\/iicrabat.esteri.it\/wp-content\/uploads\/2026\/04\/AFFICHE-PRINC-230X140-2-183x300.jpg 183w, https:\/\/iicrabat.esteri.it\/wp-content\/uploads\/2026\/04\/AFFICHE-PRINC-230X140-2-623x1024.jpg 623w, https:\/\/iicrabat.esteri.it\/wp-content\/uploads\/2026\/04\/AFFICHE-PRINC-230X140-2-768x1262.jpg 768w\" sizes=\"auto, (max-width: 1558px) 100vw, 1558px\"  title=\"AFFICHE PRINC 230X140 (2)\" alt=\"\" class=\"img-fluid\">\n                                                                                    <\/a>\n                                    <\/figure>\n                                <\/div>\n                            <\/div>\n                            <div class=\"col-sm-9\">\n                                                            <div class=\"category-top\">\n                                    <span class=\"fw-bold \"><\/span>                                                                        <span class=\"\">\n                                        <svg class=\"icon icon-secondary\">\n                                            <use xlink:href=\"https:\/\/iicrabat.esteri.it\/wp-content\/themes\/sedi-tema\/assets\/svg\/sprites.svg#it-calendar\"><\/use>\n                                        <\/svg> ven Mai 01 2026<svg class=\"icon icon-xs icon-secondary me-1 ms-1\"><use href=\"https:\/\/iicrabat.esteri.it\/wp-content\/themes\/sedi-tema\/assets\/svg\/sprites.svg#it-arrow-right\"><\/use><\/svg>sam Mai 09 2026                                    <\/span>\n                                                                    <\/div>\n                            <h5 class=\"card-title big-heading text-uppercase\"><a class=\"text-body text-decoration-none\" href=\"https:\/\/iicrabat.esteri.it\/fr\/gli_eventi\/calendario\/salon-international-de-ledition-et-du-livre-siel-1-9-mai-2026\/\" title=\"Salon International de l\u2019\u00c9dition et du Livre (SIEL) 2026\">Salon International de l\u2019\u00c9dition et du Livre (SIEL) 2026<\/a><\/h5>\n                            <p class=\"card-text\">\u00c0 l\u2019occasion du Salon International de l\u2019\u00c9dition et du Livre (SIEL) 2026, l\u2019Institut Culturel Italien de Rabat et l\u2019Ambassade d\u2019Italie au Maroc invitent le public \u00e0 participer \u00e0 une riche programmation de rencontres, de dialogues et de pr\u00e9sentations qui refl\u00e8te la vitalit\u00e9 du paysage culturel italien et son dialogue constant avec les contextes marocain et [&hellip;]<\/p>\n                                <a title=\"Salon International de l\u2019\u00c9dition et du Livre (SIEL) 2026\" class=\"read-more\" href=\"https:\/\/iicrabat.esteri.it\/fr\/gli_eventi\/calendario\/salon-international-de-ledition-et-du-livre-siel-1-9-mai-2026\/\">\n                                    <span class=\"text\">Lire la suite<\/span>\n                                    <svg class=\"icon\">\n                                    <use xlink:href=\"https:\/\/iicrabat.esteri.it\/wp-content\/themes\/sedi-tema\/assets\/svg\/sprites.svg#it-arrow-right\"><\/use>\n                                    <\/svg>\n                                <\/a>\n                                                        <\/div>\n                                                    <\/div>\n                    <\/div>\n                <\/div>\n                <!--end card-->\n                <\/div><!-- col-12 .mt-3-->\n            \n            <div class=\"col-md-12 mt-4 pb-4\">\n                <nav class=\"navigation col-md-12\" aria-label=\"Navigation\">\n                    <h2 class=\"screen-reader-text visually-hidden\">Pagination<\/h2>\n                    <div class=\"nav-links\">\n                                        <\/div>\n                <\/nav>\n            <\/div>   <!--.col-md-12 -->\n              <\/div><!--.row -->\n              \n","protected":false},"excerpt":{"rendered":"","protected":false},"author":1,"featured_media":0,"parent":0,"menu_order":6,"comment_status":"closed","ping_status":"closed","template":"","meta":{"footnotes":""},"class_list":["post-111","page","type-page","status-publish","hentry"],"_links":{"self":[{"href":"https:\/\/iicrabat.esteri.it\/fr\/wp-json\/wp\/v2\/pages\/111","targetHints":{"allow":["GET"]}}],"collection":[{"href":"https:\/\/iicrabat.esteri.it\/fr\/wp-json\/wp\/v2\/pages"}],"about":[{"href":"https:\/\/iicrabat.esteri.it\/fr\/wp-json\/wp\/v2\/types\/page"}],"author":[{"embeddable":true,"href":"https:\/\/iicrabat.esteri.it\/fr\/wp-json\/wp\/v2\/users\/1"}],"replies":[{"embeddable":true,"href":"https:\/\/iicrabat.esteri.it\/fr\/wp-json\/wp\/v2\/comments?post=111"}],"version-history":[{"count":2,"href":"https:\/\/iicrabat.esteri.it\/fr\/wp-json\/wp\/v2\/pages\/111\/revisions"}],"predecessor-version":[{"id":448,"href":"https:\/\/iicrabat.esteri.it\/fr\/wp-json\/wp\/v2\/pages\/111\/revisions\/448"}],"wp:attachment":[{"href":"https:\/\/iicrabat.esteri.it\/fr\/wp-json\/wp\/v2\/media?parent=111"}],"curies":[{"name":"wp","href":"https:\/\/api.w.org\/{rel}","templated":true}]}}

Événements

<div class="row">
			<!-- Ricerca sedi post -->
			<div class="col-12 mt-4">
			  <div class="callout callout-highlight note ricerca-esteri p-4">
                    <div class="callout-title">
                        <svg class="icon">
                            <use xlink:href="https://iicrabat.esteri.it/wp-content/themes/sedi-tema/assets/svg/sprites.svg#it-search"></use>
                        </svg>Entrez vos paramètres de recherche                    </div>
                    <form id="searchFormPost" name="form-search-post" class="form-row align-items-center" action="https://iicrabat.esteri.it/fr/wp-json/wp/v2/pages/111/" method="GET"> 
                        <!-- <div class="form-group pt-5"> -->
                            <!-- <input type="hidden" id="lang" name="lang" value=""> --> <!-- </div> -->

                        <div class="it-datepicker-wrapper">
                            <div class="row">
                                <div class="form-group col-md-6">
                                    <label class="active" for="date-init">Du</label>
                                    <input class="form-control" name="date-init" id="date-init" type="date" placeholder="gg/mm/aaaa" value=""lang="en-EN">  
                                </div>
                                <div class="form-group col-md-6">
                                    <label class="active" for="date-end">Au</label>
                                    <input class="form-control" name="date-end" id="date-end" type="date" placeholder="gg/mm/aaaa" value="">
                                </div>
                            </div>
                        </div>
                        <div class="form-group col-md-12 mt-3">
                            <label for="searchText">Champ de recherche gratuit</label>
                            <input type="text" name="searchText" class="form-control" id="searchText" value="">
                        </div>
                        <div class="form-group col-md-4 offset-md-8 text-end">
                            <a href="https://iicrabat.esteri.it/fr/gli_eventi/" title="Form reset" id="resetImput" class="btn btn-outline-primary btn-xs">Reset</a>
                            <button type="submit" class="btn btn-primary btn-xs">Montrer les résultats</button>
                        </div>
                    </form>
				</div>
			</div>
		</div>
                    
            <div class="row">
                            <div class="col-12 mt-3">
                <!--start card-->
                <div class="card-wrapper card-space">
                    <div class="card card-bg card-big border-bottom-card">
                        <div class="card-body row">
                                                    <div class="col-sm-3">
                                <div class="img-responsive">
                                    <figure class="img-wrapper">
                                        <a href="https://iicrabat.esteri.it/fr/gli_eventi/calendario/salon-international-de-ledition-et-du-livre-siel-1-9-mai-2026/" title="Lire l'article: Salon International de l’Édition et du Livre (SIEL) 2026">
                                                                                            <img loading="lazy" decoding="async" width="183" height="300" src="https://iicrabat.esteri.it/wp-content/uploads/2026/04/AFFICHE-PRINC-230X140-2-183x300.jpg" srcset="https://iicrabat.esteri.it/wp-content/uploads/2026/04/AFFICHE-PRINC-230X140-2-scaled.jpg 1558w, https://iicrabat.esteri.it/wp-content/uploads/2026/04/AFFICHE-PRINC-230X140-2-183x300.jpg 183w, https://iicrabat.esteri.it/wp-content/uploads/2026/04/AFFICHE-PRINC-230X140-2-623x1024.jpg 623w, https://iicrabat.esteri.it/wp-content/uploads/2026/04/AFFICHE-PRINC-230X140-2-768x1262.jpg 768w" sizes="auto, (max-width: 1558px) 100vw, 1558px"  title="AFFICHE PRINC 230X140 (2)" alt="" class="img-fluid">
                                                                                    </a>
                                    </figure>
                                </div>
                            </div>
                            <div class="col-sm-9">
                                                            <div class="category-top">
                                    <span class="fw-bold "></span>                                                                        <span class="">
                                        <svg class="icon icon-secondary">
                                            <use xlink:href="https://iicrabat.esteri.it/wp-content/themes/sedi-tema/assets/svg/sprites.svg#it-calendar"></use>
                                        </svg> ven Mai 01 2026<svg class="icon icon-xs icon-secondary me-1 ms-1"><use href="https://iicrabat.esteri.it/wp-content/themes/sedi-tema/assets/svg/sprites.svg#it-arrow-right"></use></svg>sam Mai 09 2026                                    </span>
                                                                    </div>
                            <h5 class="card-title big-heading text-uppercase"><a class="text-body text-decoration-none" href="https://iicrabat.esteri.it/fr/gli_eventi/calendario/salon-international-de-ledition-et-du-livre-siel-1-9-mai-2026/" title="Salon International de l’Édition et du Livre (SIEL) 2026">Salon International de l’Édition et du Livre (SIEL) 2026</a></h5>
                            <p class="card-text">À l’occasion du Salon International de l’Édition et du Livre (SIEL) 2026, l’Institut Culturel Italien de Rabat et l’Ambassade d’Italie au Maroc invitent le public à participer à une riche programmation de rencontres, de dialogues et de présentations qui reflète la vitalité du paysage culturel italien et son dialogue constant avec les contextes marocain et [&hellip;]</p>
                                <a title="Salon International de l’Édition et du Livre (SIEL) 2026" class="read-more" href="https://iicrabat.esteri.it/fr/gli_eventi/calendario/salon-international-de-ledition-et-du-livre-siel-1-9-mai-2026/">
                                    <span class="text">Lire la suite</span>
                                    <svg class="icon">
                                    <use xlink:href="https://iicrabat.esteri.it/wp-content/themes/sedi-tema/assets/svg/sprites.svg#it-arrow-right"></use>
                                    </svg>
                                </a>
                                                        </div>
                                                    </div>
                    </div>
                </div>
                <!--end card-->
                </div><!-- col-12 .mt-3-->
            
            <div class="col-md-12 mt-4 pb-4">
                <nav class="navigation col-md-12" aria-label="Navigation">
                    <h2 class="screen-reader-text visually-hidden">Pagination</h2>
                    <div class="nav-links">
                                        </div>
                </nav>
            </div>   <!--.col-md-12 -->
              </div><!--.row -->
